 = 14 - -4. Calculate the highest common factor of u and p.
18
Let m(v) = -83*v**3 - 2*v**2 - 5*v - 6. Let s be m(-1). Calculate the highest common factor of s and 50.
10
Let t = -1 - -23. Suppose -3*v = -2*q + 17, 4*q + 9 = -4*v + 73. Let p = q + t. Calculate the greatest common factor of p and 14.
7
Suppose 5*d = 3*u + 135, -d - 95 = -4*d - u. Let h be ((-2)/(-3))/(22/495). Calculate the highest common divisor of h and d.
15
Let f = -933 - -957. What is the greatest common factor of f and 132?
12
Let d be ((-16)/6)/(2/(-9)). Suppose -2*t + 5*l = -66, 4*l = -0*t - t + 20. Calculate the greatest common divisor of d and t.
4
Let k be (3/(-3) + 1)/4. Suppose g - 13 - 21 = k. Calculate the greatest common factor of g and 170.
34
Suppose -2*x + 11*a + 88 = 7*a, -x + a + 49 = 0. What is the highest common factor of 45 and x?
9
Let a be (-6057)/(-6)*(4 - (-30)/(-9)). Let w = a + -343. What is the highest common divisor of w and 30?
30
Suppose -25*d + 1416 = -9634. Calculate the greatest common factor of 85 and d.
17
Let w(u) = u**2 + u - 27. Let x be w(0). Let n = 27 + x. Suppose -15 = 5*v, -2*h = v - n*v - 29. What is the highest common factor of 64 and h?
16
Suppose 0 = -4*p - 4*s - 188, 0 = 3*s - 0*s + 9. Let z = 50 + p. Calculate the greatest common divisor of z and 102.
6
Let v = 205 - -155. Suppose 52 = -9*o - 83. Let h be ((-6)/o)/(2/v). Calculate the highest common divisor of h and 8.
8
Let i(x) = -10*x + 17. Let b be i(5). Let y be b/(-11)*2/6. What is the greatest common factor of y and 3?
1
Let s(d) be the first derivative of -6 - 43/2*d**2 - d. Let o be s(-1). What is the highest common divisor of 28 and o?
14
Let p(o) = 4*o - 3. Let h be p(21). Let f be 27/3*(5 + -4). Calculate the highest common divisor of h and f.
9
Let u = 16 + -9. Let m(a) = -a**3 + 6*a**2 + 7*a + 6. Let s be m(u). Let k = 0 + s. What is the greatest common divisor of 42 and k?
6
Suppose 3*q - 417 = -21. Let g(f) = -f**3 - 8*f**2 - 1. Let p be g(-8). Let i be 3 - (-10 + p + 2). Calculate the greatest common divisor of i and q.
12
Let i(q) = 2*q + 15. Let l be i(-10). Let h be 36/(-8)*(l + 3). Suppose -h*x + 5*x = -56. Calculate the greatest common divisor of x and 42.
14
Let z = -89 - -125. Let s = z + 12. What is the greatest common divisor of 120 and s?
24
Let h = -876 - -894. Calculate the greatest common divisor of 351 and h.
9
Suppose -465 = -4*u - j, -248*u + 250*u - 3*j - 229 = 0. Suppose -5*p - 560 = -2*c, 0 = 3*p - 8 - 4. What is the greatest common divisor of u and c?
58
Let l(z) = -12*z - 108. Let i be l(-10). Calculate the greatest common divisor of i and 192.
12
Suppose 3*v + 58 = a, -4*a - 208 = -8*a + 4*v. What is the highest common factor of 98 and a?
49
Let b(n) = 6*n**3 + 0*n**3 + n**2 - 7*n**2 - 7*n**3 + 5*n - 12. Let o be b(-8). Calculate the highest common factor of 57 and o.
19
Let d(y) = -4*y**2 - 57*y + 12. Let w be d(-14). Calculate the highest common factor of 182 and w.
26
Let d(b) = -b**2 - 9*b - 12. Suppose 3*q - 2*g + 20 = 0, 19 + 23 = -5*q - g. Let l be d(q). Let f = l + 16. What is the highest common factor of f and 24?
12
Let i(m) = m**3 + 4*m**2 - 7*m - 5. Let a be i(-5). Let x = a - -2. Suppose 0 = u + 22 - 78. What is the highest common factor of u and x?
7
Let a = -5 - -5. Suppose -6*f + a = -6. Suppose -4*k - 5*b + 38 = 0, k + 2*b = 6*b - 1. What is the highest common factor of k and f?
1
Let o = -168 + 208. Calculate the greatest common factor of o and 25.
5
Suppose 3*h = 100 - 13. Calculate the highest common factor of 58 and h.
29
Let q(t) = -t**2 + 6*t + 2. Let k = 8 + -2. Let l be q(k). Let x be 22 + 0 - 8/l. Calculate the greatest common divisor of 126 and x.
18
Suppose -88 = -241*v + 230*v. Let f be 1*(0 - -1*3). Let n be (17 - -1) + (1 - f). What is the greatest common divisor of n and v?
8
Let p(c) = 39*c**2 - 3. Let b be p(2). Let o be 8/(-4) - (-7 - 1). Suppose 4*m - o*m = -34. Calculate the greatest common factor of m and b.
17
Suppose -16*x = 25*x - 4756. What is the highest common divisor of 1189 and x?
29
Let c be (-392)/(-22) - (465/165 - 3). Calculate the greatest common divisor of c and 1152.
18
Let i = -63 - -65. Suppose 4*h + 2*z - 49 = -3*z, -2*h + 2*z + i = 0. Calculate the highest common factor of h and 48.
6
Let u = 185 - 175. What is the highest common factor of 45 and u?
5
Let t be (-10)/8 - 3/(-12). Let u be (2/(-4))/(3*3/(-306)). Let x = u + t. What is the highest common factor of x and 16?
16
Let x(n) = n**3 - 6*n**2 + 4*n - 6. Suppose 5*m - 24 = m. Let p be x(m). Let b(g) = 15*g + 317. Let s be b(-21). What is the greatest common factor of p and s?
2
Let d be (84/49)/((-3)/(-63)). Calculate the highest common divisor of d and 45.
9
Let s = -119 + 194. What is the greatest common factor of s and 60?
15
Suppose -5*o - 365 = -3*u, -15*u + 2*o = -14*u - 122. Let f(v) = -13*v - 2. Let j be f(-2). Calculate the greatest common factor of u and j.
24
Let y(s) = -3*s + 3. Suppose -21 = 3*c - 3*m, 0*c - 2*m = c - 5. Let w be y(c). Suppose 122 = 4*t + 2. Calculate the highest common divisor of w and t.
6
Let t(o) = -13*o + 68. Let y be t(-28). Calculate the highest common factor of 180 and y.
36
Suppose 569 + 36 = 5*b. Let l(d) = 2*d**2 + 5*d - 1. Let k be l(-5). Suppose -k - 42 = -6*n. What is the greatest common divisor of n and b?
11
Let p = -15 + 2. Let t = p - -22. What is the highest common divisor of 3 and t?
3
Let p = -11 + 14. Let x be 16 + -2 + (3 - p). Suppose -6 = 2*z, x - 85 = -2*j + z. Calculate the greatest common factor of j and 17.
17
Let v be (-5)/15 + 30/9. Let q be (3 - (9 - v))*-8. Let h = -42 + 50. Calculate the greatest common factor of q and h.
8
Let p be (17 - 38)*(-1 + 2 + -2). Calculate the greatest common factor of p and 9.
3
Let g(o) = 3*o**3 + o**2 - o - 1. Let h be g(-1). Let k be 22/5 - h/(-5). Let v be 21/(-2)*(-24)/9. What is the greatest common divisor of v and k?
4
Let a = 160 - -484. What is the greatest common divisor of a and 28?
28
Let g = 341 + -230. Suppose -9*m + 12*m - 12 = 0. Suppose 2*s - 3*s = 4*y - g, m*s = 4*y + 484. Calculate the highest common factor of 17 and s.
17
Suppose -3*u = -3*s + 852, -93 + 376 = s - 2*u. Calculate the highest common divisor of s and 30.
15
Let l be (-44)/(0 - 1) + 3 + 2. Calculate the highest common divisor of 42 and l.
7
Let d be -39*((-21)/(-14))/(9/6). Let f be (1 + 142/(-4))*2. Let a = d - f. Calculate the greatest common divisor of 330 and a.
30
Suppose -3*a - 120 = -7*a. Let u = a - 14. Calculate the highest common factor of 4 and u.
4
Suppose 4*x = 5*x - 2*o + 10, 2 = o. Let h = 15 + x. Suppose -f + h = 2*f. Calculate the highest common factor of 9 and f.
3
Suppose -1665 = -5*y - 0*y. Let t = y + -234. Calculate the highest common divisor of t and 9.
9
Suppose -23*s - b - 111 = -26*s, -s = 4*b - 24. What is the greatest common divisor of 90 and s?
18
Let k = -1526 + 1686. Calculate the greatest common divisor of k and 25.
5
Let l be (-3647)/(-56) - 5/(-80)*-2. What is the highest common divisor of 1495 and l?
65
Suppose 0*o - 3*o + 72 = 0. Let n be 80/o - 2/6. What is the greatest common factor of 12 and n?
3
Let h(k) = -k**2 - 29*k - 67. Let y be h(-3). What is the greatest common factor of y and 2167?
11
Let v(b) = 3*b**2 + 3*b. Let r be v(5). Let y = -129 + 165. What is the greatest common divisor of y and r?
18
Suppose -c + 16 + 11 = 3*t, 2*c - 39 = -3*t. Calculate the highest common divisor of 46 and c.
2
Suppose 7*m - f - 6 = 6*m, -5*m - 3*f + 22 = 0. Suppose m*h = 5*d - 95, -4*h = -h - 12. Calculate the highest common divisor of 23 and d.
23
Suppose -3*x = 102 + 27. Let r = x - -113. Suppose 2*c + d - 27 = 3, -3*c - 4*d = -50. Calculate the highest common divisor of r and c.
14
Let o(u) = -5*u + u**2 + 4*u - u + 9*u**3 + 1. Let m be o(1). Suppose -h + m = 2*h. Calculate the greatest common factor of h and 6.
3
Let m be (4/(-10))/((336/(-5840))/21). What is the greatest common factor of m and 2?
2
Let p = 65 + 6. Let g = p - 40. Let l(z) = -2*z**3 + 35*z**2 + 28*z - 56. Let s be l(18). What is the greatest common factor of s and g?
31
Suppose 227*w - 219*w - 3808 = 0. Calculate the greatest common factor of w and 28.
28
Suppose 4*x - 38 - 2 = 0. Let c(k) = k**2 - 8*k - 14. Let p be c(x). Calculate the highest common 